{"id":7,"date":"2023-06-25T15:02:37","date_gmt":"2023-06-25T13:02:37","guid":{"rendered":"http:\/\/wilfriedgroupe.com\/?page_id=7"},"modified":"2023-08-29T15:33:59","modified_gmt":"2023-08-29T13:33:59","slug":"nos-filiales","status":"publish","type":"page","link":"https:\/\/wilfriedgroupe.com\/index.php\/nos-filiales\/","title":{"rendered":"Nos filiales"},"content":{"rendered":"\n<p class=\"has-text-align-center\">Bienvenue chez Wilfried Groupe, fond\u00e9 par Wilfried Azade, un visionnaire passionn\u00e9 du secteur. Depuis notre cr\u00e9ation le 1er janvier 2017, nous nous sommes d\u00e9velopp\u00e9s en un groupe solide et prosp\u00e8re, offrant une expertise diversifi\u00e9e dans plusieurs secteurs cl\u00e9s.<\/p>\n\n\n\n<div style=\"height:13px\" aria-hidden=\"true\" class=\"wp-block-spacer\"><\/div>\n\n\n\n<div class=\"wp-block-group alignfull has-background\" style=\"background-color:#f2f0e9\"><div class=\"wp-block-group__inner-container is-layout-flow wp-block-group-is-layout-flow\">\n<div class=\"wp-block-columns alignwide is-layout-flex wp-container-core-columns-is-layout-9d6595d7 wp-block-columns-is-layout-flex\">\n<div class=\"wp-block-column is-layout-flow wp-block-column-is-layout-flow\">\n<p class=\"has-text-color has-extra-small-font-size\" style=\"color:#000000\">Dans le domaine de l&rsquo;import-export de produits alimentaires, notre soci\u00e9t\u00e9 <a href=\"https:\/\/leimdi.com\/\">LEIMDI DISTRIBUTION<\/a> se positionne en tant qu&rsquo;acteur majeur, proposant une large gamme de produits de qualit\u00e9 sup\u00e9rieure, tout en assurant une logistique efficace et une distribution fiable.<\/p>\n<\/div>\n\n\n\n<div class=\"wp-block-column is-layout-flow wp-block-column-is-layout-flow\">\n<p class=\"has-text-color has-extra-small-font-size\" style=\"color:#000000\">En tant qu&rsquo;apporteur d&rsquo;affaires, nous nous effor\u00e7ons de connecter les entreprises avec des opportunit\u00e9s lucratives. Notre expertise dans ce domaine nous permet d&rsquo;identifier les synergies commerciales et de faciliter des partenariats fructueux.<\/p>\n<\/div>\n<\/div>\n\n\n\n<div class=\"wp-block-columns alignwide is-layout-flex wp-container-core-columns-is-layout-9d6595d7 wp-block-columns-is-layout-flex\">\n<div class=\"wp-block-column is-layout-flow wp-block-column-is-layout-flow\">\n<p class=\"has-text-color has-extra-small-font-size\" style=\"color:#000000\">Au sein de notre soci\u00e9t\u00e9 <a href=\"https:\/\/leimdi-solutions.com\/\">LEIMDI SOLUTION<\/a>, nous proposons des services de conseil de premier plan, offrant une expertise dans diff\u00e9rents domaines tels que [domaine de sp\u00e9cialisation]. Nos conseils \u00e9clair\u00e9s et notre approche personnalis\u00e9e aident nos clients \u00e0 prendre des d\u00e9cisions strat\u00e9giques \u00e9clair\u00e9es et \u00e0 atteindre leurs objectifs commerciaux.<\/p>\n<\/div>\n\n\n\n<div class=\"wp-block-column is-layout-flow wp-block-column-is-layout-flow\">\n<p class=\"has-text-color has-extra-small-font-size\" style=\"color:#000000\">Dans le domaine du digital marketing, notre groupe propose des solutions innovantes pour aider les entreprises \u00e0 atteindre leur public cible, accro\u00eetre leur visibilit\u00e9 en ligne et maximiser leur retour sur investissement. Nous nous appuyons sur les derni\u00e8res tendances et technologies pour offrir des campagnes de marketing num\u00e9rique performantes.<\/p>\n<\/div>\n<\/div>\n\n\n\n<div class=\"wp-block-columns alignwide is-layout-flex wp-container-core-columns-is-layout-9d6595d7 wp-block-columns-is-layout-flex\">\n<div class=\"wp-block-column is-layout-flow wp-block-column-is-layout-flow\">\n<p class=\"has-text-color has-extra-small-font-size\" style=\"color:#000000\">Gr\u00e2ce \u00e0 notre centre de contact, nous fournissons des services de gestion des interactions clients de haute qualit\u00e9. Notre \u00e9quipe exp\u00e9riment\u00e9e et bien form\u00e9e assure une communication fluide et efficace avec vos clients, renfor\u00e7ant ainsi votre relation client\u00e8le et votre satisfaction globale.<\/p>\n<\/div>\n\n\n\n<div class=\"wp-block-column is-layout-flow wp-block-column-is-layout-flow\">\n<p class=\"has-text-color has-extra-small-font-size\" style=\"color:#000000\">Enfin, notre expertise en recouvrement de cr\u00e9ances permet d&rsquo;optimiser la gestion financi\u00e8re de nos clients. Nous offrons des solutions personnalis\u00e9es pour r\u00e9cup\u00e9rer les cr\u00e9ances impay\u00e9es de mani\u00e8re efficace et respectueuse.<\/p>\n<\/div>\n<\/div>\n\n\n\n<p class=\"has-text-align-center\">Rejoignez-nous d\u00e8s aujourd&rsquo;hui et d\u00e9couvrez comment Wilfried Groupe peut vous offrir une expertise diversifi\u00e9e dans les secteurs de l&rsquo;import-export de produits alimentaires, l&rsquo;apporteur d&rsquo;affaires, les conseils, le digital marketing, les centres de contact et le recouvrement de cr\u00e9ances. Notre fondateur, Wilfried Azade, et notre \u00e9quipe d\u00e9vou\u00e9e sont impatients de collaborer avec vous pour vous aider \u00e0 atteindre vos objectifs commerciaux et \u00e0 prosp\u00e9rer dans votre secteur.<\/p>\n<\/div><\/div>\n\n\n\n<div style=\"height:100vh;width:100%\" class=\"superblockslider \" data-transition-duration=\".6s\" data-animation=\"cubic-bezier(0.46, 0.03, 0.52, 0.96)\"><div class=\"superblockslider__window\"><div class=\"superblockslider__track\" style=\"width:400%;transform:translateX(-0.0000%);transition-duration:.6s;transition-timing-function:cubic-bezier(0.46, 0.03, 0.52, 0.96)\">\n<div class=\"wp-block-superblockslider-slide superblockslider__slide superblockslider__slide--active\" data-slide-index=\"0\"><div class=\"superblockslider__slide__bg\"><\/div><div class=\"superblockslider__slide__overlay\"><\/div><div class=\"superblockslider__slide_inner\"><div class=\"inner-blocks\">\n<figure class=\"wp-block-image size-large\"><img loading=\"lazy\" decoding=\"async\" width=\"1024\" height=\"724\" src=\"http:\/\/wilfriedgroupe.com\/wp-content\/uploads\/2023\/08\/Leimdi-distribution_page-0001-1-1024x724.jpg\" alt=\"\" class=\"wp-image-147\" srcset=\"https:\/\/wilfriedgroupe.com\/wp-content\/uploads\/2023\/08\/Leimdi-distribution_page-0001-1-1024x724.jpg 1024w, https:\/\/wilfriedgroupe.com\/wp-content\/uploads\/2023\/08\/Leimdi-distribution_page-0001-1-300x212.jpg 300w, https:\/\/wilfriedgroupe.com\/wp-content\/uploads\/2023\/08\/Leimdi-distribution_page-0001-1-768x543.jpg 768w, https:\/\/wilfriedgroupe.com\/wp-content\/uploads\/2023\/08\/Leimdi-distribution_page-0001-1-1536x1086.jpg 1536w, https:\/\/wilfriedgroupe.com\/wp-content\/uploads\/2023\/08\/Leimdi-distribution_page-0001-1-2048x1448.jpg 2048w, https:\/\/wilfriedgroupe.com\/wp-content\/uploads\/2023\/08\/Leimdi-distribution_page-0001-1-1200x849.jpg 1200w, https:\/\/wilfriedgroupe.com\/wp-content\/uploads\/2023\/08\/Leimdi-distribution_page-0001-1-1980x1400.jpg 1980w\" sizes=\"auto, (max-width: 1024px) 100vw, 1024px\" \/><\/figure>\n<\/div><\/div><\/div>\n\n\n\n<div class=\"wp-block-superblockslider-slide superblockslider__slide\" data-slide-index=\"1\"><div class=\"superblockslider__slide__bg\"><\/div><div class=\"superblockslider__slide__overlay\"><\/div><div class=\"superblockslider__slide_inner\"><div class=\"inner-blocks\">\n<figure class=\"wp-block-image size-large\"><img loading=\"lazy\" decoding=\"async\" width=\"1024\" height=\"724\" src=\"http:\/\/wilfriedgroupe.com\/wp-content\/uploads\/2023\/08\/Legal-Impact_page-0001-1024x724.jpg\" alt=\"\" class=\"wp-image-148\" srcset=\"https:\/\/wilfriedgroupe.com\/wp-content\/uploads\/2023\/08\/Legal-Impact_page-0001-1024x724.jpg 1024w, https:\/\/wilfriedgroupe.com\/wp-content\/uploads\/2023\/08\/Legal-Impact_page-0001-300x212.jpg 300w, https:\/\/wilfriedgroupe.com\/wp-content\/uploads\/2023\/08\/Legal-Impact_page-0001-768x543.jpg 768w, https:\/\/wilfriedgroupe.com\/wp-content\/uploads\/2023\/08\/Legal-Impact_page-0001-1536x1086.jpg 1536w, https:\/\/wilfriedgroupe.com\/wp-content\/uploads\/2023\/08\/Legal-Impact_page-0001-2048x1448.jpg 2048w, https:\/\/wilfriedgroupe.com\/wp-content\/uploads\/2023\/08\/Legal-Impact_page-0001-1200x849.jpg 1200w, https:\/\/wilfriedgroupe.com\/wp-content\/uploads\/2023\/08\/Legal-Impact_page-0001-1980x1400.jpg 1980w\" sizes=\"auto, (max-width: 1024px) 100vw, 1024px\" \/><\/figure>\n<\/div><\/div><\/div>\n\n\n\n<div class=\"wp-block-superblockslider-slide superblockslider__slide\" data-slide-index=\"2\"><div class=\"superblockslider__slide__bg\"><\/div><div class=\"superblockslider__slide__overlay\"><\/div><div class=\"superblockslider__slide_inner\"><div class=\"inner-blocks\">\n<figure class=\"wp-block-image size-large\"><img loading=\"lazy\" decoding=\"async\" width=\"1024\" height=\"724\" src=\"http:\/\/wilfriedgroupe.com\/wp-content\/uploads\/2023\/08\/Financial-Negoce_page-0001-1024x724.jpg\" alt=\"\" class=\"wp-image-149\" srcset=\"https:\/\/wilfriedgroupe.com\/wp-content\/uploads\/2023\/08\/Financial-Negoce_page-0001-1024x724.jpg 1024w, https:\/\/wilfriedgroupe.com\/wp-content\/uploads\/2023\/08\/Financial-Negoce_page-0001-300x212.jpg 300w, https:\/\/wilfriedgroupe.com\/wp-content\/uploads\/2023\/08\/Financial-Negoce_page-0001-768x543.jpg 768w, https:\/\/wilfriedgroupe.com\/wp-content\/uploads\/2023\/08\/Financial-Negoce_page-0001-1536x1086.jpg 1536w, https:\/\/wilfriedgroupe.com\/wp-content\/uploads\/2023\/08\/Financial-Negoce_page-0001-2048x1448.jpg 2048w, https:\/\/wilfriedgroupe.com\/wp-content\/uploads\/2023\/08\/Financial-Negoce_page-0001-1200x849.jpg 1200w, https:\/\/wilfriedgroupe.com\/wp-content\/uploads\/2023\/08\/Financial-Negoce_page-0001-1980x1400.jpg 1980w\" sizes=\"auto, (max-width: 1024px) 100vw, 1024px\" \/><\/figure>\n<\/div><\/div><\/div>\n\n\n\n<div class=\"wp-block-superblockslider-slide superblockslider__slide\" data-slide-index=\"3\"><div class=\"superblockslider__slide__bg\"><\/div><div class=\"superblockslider__slide__overlay\"><\/div><div class=\"superblockslider__slide_inner\"><div class=\"inner-blocks\">\n<figure class=\"wp-block-image size-large\"><img loading=\"lazy\" decoding=\"async\" width=\"1024\" height=\"724\" src=\"http:\/\/wilfriedgroupe.com\/wp-content\/uploads\/2023\/08\/Leimdi-solution_page-0001-1024x724.jpg\" alt=\"\" class=\"wp-image-150\" srcset=\"https:\/\/wilfriedgroupe.com\/wp-content\/uploads\/2023\/08\/Leimdi-solution_page-0001-1024x724.jpg 1024w, https:\/\/wilfriedgroupe.com\/wp-content\/uploads\/2023\/08\/Leimdi-solution_page-0001-300x212.jpg 300w, https:\/\/wilfriedgroupe.com\/wp-content\/uploads\/2023\/08\/Leimdi-solution_page-0001-768x543.jpg 768w, https:\/\/wilfriedgroupe.com\/wp-content\/uploads\/2023\/08\/Leimdi-solution_page-0001-1536x1086.jpg 1536w, https:\/\/wilfriedgroupe.com\/wp-content\/uploads\/2023\/08\/Leimdi-solution_page-0001-2048x1448.jpg 2048w, https:\/\/wilfriedgroupe.com\/wp-content\/uploads\/2023\/08\/Leimdi-solution_page-0001-1200x849.jpg 1200w, https:\/\/wilfriedgroupe.com\/wp-content\/uploads\/2023\/08\/Leimdi-solution_page-0001-1980x1400.jpg 1980w\" sizes=\"auto, (max-width: 1024px) 100vw, 1024px\" \/><\/figure>\n<\/div><\/div><\/div>\n<\/div><\/div><div class=\"superblockslider__controls superblockslider__buttons\"><button data-button-id=\"0\" aria-label=\"Slide 1\" class=\"superblockslider__button superblockslider__button--active\"><span class=\"superblockslider__button__icon\"><svg width=\"20\" height=\"20\" viewBox=\"0 0 20 20\" xmlns=\"http:\/\/www.w3.org\/2000\/svg\"><path d=\"M10 2c4.42 0 8 3.58 8 8s-3.58 8-8 8-8-3.58-8-8 3.58-8 8-8zM10 15c2.76 0 5-2.24 5-5s-2.24-5-5-5-5 2.24-5 5 2.24 5 5 5z\"><\/path><\/svg><\/span><\/button><button data-button-id=\"1\" aria-label=\"Slide 2\" class=\"superblockslider__button\"><span class=\"superblockslider__button__icon\"><svg width=\"20\" height=\"20\" viewBox=\"0 0 20 20\" xmlns=\"http:\/\/www.w3.org\/2000\/svg\"><path d=\"M10 2c4.42 0 8 3.58 8 8s-3.58 8-8 8-8-3.58-8-8 3.58-8 8-8zM10 15c2.76 0 5-2.24 5-5s-2.24-5-5-5-5 2.24-5 5 2.24 5 5 5z\"><\/path><\/svg><\/span><\/button><button data-button-id=\"2\" aria-label=\"Slide 3\" class=\"superblockslider__button\"><span class=\"superblockslider__button__icon\"><svg width=\"20\" height=\"20\" viewBox=\"0 0 20 20\" xmlns=\"http:\/\/www.w3.org\/2000\/svg\"><path d=\"M10 2c4.42 0 8 3.58 8 8s-3.58 8-8 8-8-3.58-8-8 3.58-8 8-8zM10 15c2.76 0 5-2.24 5-5s-2.24-5-5-5-5 2.24-5 5 2.24 5 5 5z\"><\/path><\/svg><\/span><\/button><button data-button-id=\"3\" aria-label=\"Slide 4\" class=\"superblockslider__button\"><span class=\"superblockslider__button__icon\"><svg width=\"20\" height=\"20\" viewBox=\"0 0 20 20\" xmlns=\"http:\/\/www.w3.org\/2000\/svg\"><path d=\"M10 2c4.42 0 8 3.58 8 8s-3.58 8-8 8-8-3.58-8-8 3.58-8 8-8zM10 15c2.76 0 5-2.24 5-5s-2.24-5-5-5-5 2.24-5 5 2.24 5 5 5z\"><\/path><\/svg><\/span><\/button><\/div><div class=\"superblockslider__controls superblockslider__navigation\"><button class=\"superblockslider__button__navigation superblockslider__button__previous\" aria-label=\"Previous slide\"><span class=\"superblockslider__button__previous--icon\"><svg width=\"85\" height=\"85\" xmlns=\"http:\/\/www.w3.org\/2000\/svg\" viewBox=\"0 0 85 85\" role=\"img\" aria-hidden=\"true\" focusable=\"false\"><path d=\"M58.3,21.7l-5-4.2l-22.5,25l22.5,25l5-4.2L39.2,42.5L58.3,21.7z\"><\/path><\/svg><\/span><\/button><button class=\"superblockslider__button__navigation superblockslider__button__next\" aria-label=\"Next slide\"><span class=\"superblockslider__button__next--icon\"><svg width=\"85\" height=\"85\" xmlns=\"http:\/\/www.w3.org\/2000\/svg\" viewBox=\"0 0 85 85\" role=\"img\" aria-hidden=\"true\" focusable=\"false\"><path d=\"M31.7,17.5l-5,4.2l19.2,20.8L26.7,63.3l5,4.2l22.5-25L31.7,17.5z\"><\/path><\/svg><\/span><\/button><\/div><\/div>\n","protected":false},"excerpt":{"rendered":"<p>Bienvenue chez Wilfried Groupe, fond\u00e9 par Wilfried Azade, un visionnaire passionn\u00e9 du secteur. Depuis notre cr\u00e9ation le 1er janvier 2017, nous nous sommes d\u00e9velopp\u00e9s en un groupe solide et prosp\u00e8re, offrant une expertise diversifi\u00e9e dans plusieurs secteurs cl\u00e9s. Dans le domaine de l&rsquo;import-export de produits alimentaires, notre soci\u00e9t\u00e9 LEIMDI DISTRIBUTION se positionne en tant qu&rsquo;acteur [&hellip;]<\/p>\n","protected":false},"author":1,"featured_media":0,"parent":0,"menu_order":0,"comment_status":"closed","ping_status":"closed","template":"","meta":{"footnotes":""},"class_list":["post-7","page","type-page","status-publish","hentry"],"yoast_head":"<!-- This site is optimized with the Yoast SEO plugin v20.9 - https:\/\/yoast.com\/wordpress\/plugins\/seo\/ -->\n<title>Nos filiales - Wilfried Groupe<\/title>\n<meta name=\"robots\" content=\"index, follow, max-snippet:-1, max-image-preview:large, max-video-preview:-1\" \/>\n<link rel=\"canonical\" href=\"https:\/\/wilfriedgroupe.com\/index.php\/nos-filiales\/\" \/>\n<meta property=\"og:locale\" content=\"fr_FR\" \/>\n<meta property=\"og:type\" content=\"article\" \/>\n<meta property=\"og:title\" content=\"Nos filiales - Wilfried Groupe\" \/>\n<meta property=\"og:description\" content=\"Bienvenue chez Wilfried Groupe, fond\u00e9 par Wilfried Azade, un visionnaire passionn\u00e9 du secteur. Depuis notre cr\u00e9ation le 1er janvier 2017, nous nous sommes d\u00e9velopp\u00e9s en un groupe solide et prosp\u00e8re, offrant une expertise diversifi\u00e9e dans plusieurs secteurs cl\u00e9s. Dans le domaine de l&rsquo;import-export de produits alimentaires, notre soci\u00e9t\u00e9 LEIMDI DISTRIBUTION se positionne en tant qu&rsquo;acteur [&hellip;]\" \/>\n<meta property=\"og:url\" content=\"https:\/\/wilfriedgroupe.com\/index.php\/nos-filiales\/\" \/>\n<meta property=\"og:site_name\" content=\"Wilfried Groupe\" \/>\n<meta property=\"article:modified_time\" content=\"2023-08-29T13:33:59+00:00\" \/>\n<meta property=\"og:image\" content=\"http:\/\/wilfriedgroupe.com\/wp-content\/uploads\/2023\/08\/Leimdi-distribution_page-0001-1-1024x724.jpg\" \/>\n<meta name=\"twitter:card\" content=\"summary_large_image\" \/>\n<meta name=\"twitter:label1\" content=\"Dur\u00e9e de lecture estim\u00e9e\" \/>\n\t<meta name=\"twitter:data1\" content=\"3 minutes\" \/>\n<script type=\"application\/ld+json\" class=\"yoast-schema-graph\">{\"@context\":\"https:\/\/schema.org\",\"@graph\":[{\"@type\":\"WebPage\",\"@id\":\"https:\/\/wilfriedgroupe.com\/index.php\/nos-filiales\/\",\"url\":\"https:\/\/wilfriedgroupe.com\/index.php\/nos-filiales\/\",\"name\":\"Nos filiales - Wilfried Groupe\",\"isPartOf\":{\"@id\":\"https:\/\/wilfriedgroupe.com\/#website\"},\"datePublished\":\"2023-06-25T13:02:37+00:00\",\"dateModified\":\"2023-08-29T13:33:59+00:00\",\"breadcrumb\":{\"@id\":\"https:\/\/wilfriedgroupe.com\/index.php\/nos-filiales\/#breadcrumb\"},\"inLanguage\":\"fr-FR\",\"potentialAction\":[{\"@type\":\"ReadAction\",\"target\":[\"https:\/\/wilfriedgroupe.com\/index.php\/nos-filiales\/\"]}]},{\"@type\":\"BreadcrumbList\",\"@id\":\"https:\/\/wilfriedgroupe.com\/index.php\/nos-filiales\/#breadcrumb\",\"itemListElement\":[{\"@type\":\"ListItem\",\"position\":1,\"name\":\"Accueil\",\"item\":\"https:\/\/wilfriedgroupe.com\/\"},{\"@type\":\"ListItem\",\"position\":2,\"name\":\"Nos filiales\"}]},{\"@type\":\"WebSite\",\"@id\":\"https:\/\/wilfriedgroupe.com\/#website\",\"url\":\"https:\/\/wilfriedgroupe.com\/\",\"name\":\"Wilfried Groupe\",\"description\":\"&quot;La cave que vous craignez d&#039;entrer cache le tr\u00e9sor que vous cherchez.&quot;\",\"publisher\":{\"@id\":\"https:\/\/wilfriedgroupe.com\/#organization\"},\"potentialAction\":[{\"@type\":\"SearchAction\",\"target\":{\"@type\":\"EntryPoint\",\"urlTemplate\":\"https:\/\/wilfriedgroupe.com\/?s={search_term_string}\"},\"query-input\":\"required name=search_term_string\"}],\"inLanguage\":\"fr-FR\"},{\"@type\":\"Organization\",\"@id\":\"https:\/\/wilfriedgroupe.com\/#organization\",\"name\":\"Wilfried Groupe\",\"url\":\"https:\/\/wilfriedgroupe.com\/\",\"logo\":{\"@type\":\"ImageObject\",\"inLanguage\":\"fr-FR\",\"@id\":\"https:\/\/wilfriedgroupe.com\/#\/schema\/logo\/image\/\",\"url\":\"https:\/\/wilfriedgroupe.com\/wp-content\/uploads\/2023\/06\/cropped-67718_8742dbb167b14948a96b04a94fee6821-29_06_2023-11_58_52-AM.jpg\",\"contentUrl\":\"https:\/\/wilfriedgroupe.com\/wp-content\/uploads\/2023\/06\/cropped-67718_8742dbb167b14948a96b04a94fee6821-29_06_2023-11_58_52-AM.jpg\",\"width\":619,\"height\":295,\"caption\":\"Wilfried Groupe\"},\"image\":{\"@id\":\"https:\/\/wilfriedgroupe.com\/#\/schema\/logo\/image\/\"}}]}<\/script>\n<!-- \/ Yoast SEO plugin. -->","yoast_head_json":{"title":"Nos filiales - Wilfried Groupe","robots":{"index":"index","follow":"follow","max-snippet":"max-snippet:-1","max-image-preview":"max-image-preview:large","max-video-preview":"max-video-preview:-1"},"canonical":"https:\/\/wilfriedgroupe.com\/index.php\/nos-filiales\/","og_locale":"fr_FR","og_type":"article","og_title":"Nos filiales - Wilfried Groupe","og_description":"Bienvenue chez Wilfried Groupe, fond\u00e9 par Wilfried Azade, un visionnaire passionn\u00e9 du secteur. Depuis notre cr\u00e9ation le 1er janvier 2017, nous nous sommes d\u00e9velopp\u00e9s en un groupe solide et prosp\u00e8re, offrant une expertise diversifi\u00e9e dans plusieurs secteurs cl\u00e9s. Dans le domaine de l&rsquo;import-export de produits alimentaires, notre soci\u00e9t\u00e9 LEIMDI DISTRIBUTION se positionne en tant qu&rsquo;acteur [&hellip;]","og_url":"https:\/\/wilfriedgroupe.com\/index.php\/nos-filiales\/","og_site_name":"Wilfried Groupe","article_modified_time":"2023-08-29T13:33:59+00:00","og_image":[{"url":"http:\/\/wilfriedgroupe.com\/wp-content\/uploads\/2023\/08\/Leimdi-distribution_page-0001-1-1024x724.jpg"}],"twitter_card":"summary_large_image","twitter_misc":{"Dur\u00e9e de lecture estim\u00e9e":"3 minutes"},"schema":{"@context":"https:\/\/schema.org","@graph":[{"@type":"WebPage","@id":"https:\/\/wilfriedgroupe.com\/index.php\/nos-filiales\/","url":"https:\/\/wilfriedgroupe.com\/index.php\/nos-filiales\/","name":"Nos filiales - Wilfried Groupe","isPartOf":{"@id":"https:\/\/wilfriedgroupe.com\/#website"},"datePublished":"2023-06-25T13:02:37+00:00","dateModified":"2023-08-29T13:33:59+00:00","breadcrumb":{"@id":"https:\/\/wilfriedgroupe.com\/index.php\/nos-filiales\/#breadcrumb"},"inLanguage":"fr-FR","potentialAction":[{"@type":"ReadAction","target":["https:\/\/wilfriedgroupe.com\/index.php\/nos-filiales\/"]}]},{"@type":"BreadcrumbList","@id":"https:\/\/wilfriedgroupe.com\/index.php\/nos-filiales\/#breadcrumb","itemListElement":[{"@type":"ListItem","position":1,"name":"Accueil","item":"https:\/\/wilfriedgroupe.com\/"},{"@type":"ListItem","position":2,"name":"Nos filiales"}]},{"@type":"WebSite","@id":"https:\/\/wilfriedgroupe.com\/#website","url":"https:\/\/wilfriedgroupe.com\/","name":"Wilfried Groupe","description":"&quot;La cave que vous craignez d&#039;entrer cache le tr\u00e9sor que vous cherchez.&quot;","publisher":{"@id":"https:\/\/wilfriedgroupe.com\/#organization"},"potentialAction":[{"@type":"SearchAction","target":{"@type":"EntryPoint","urlTemplate":"https:\/\/wilfriedgroupe.com\/?s={search_term_string}"},"query-input":"required name=search_term_string"}],"inLanguage":"fr-FR"},{"@type":"Organization","@id":"https:\/\/wilfriedgroupe.com\/#organization","name":"Wilfried Groupe","url":"https:\/\/wilfriedgroupe.com\/","logo":{"@type":"ImageObject","inLanguage":"fr-FR","@id":"https:\/\/wilfriedgroupe.com\/#\/schema\/logo\/image\/","url":"https:\/\/wilfriedgroupe.com\/wp-content\/uploads\/2023\/06\/cropped-67718_8742dbb167b14948a96b04a94fee6821-29_06_2023-11_58_52-AM.jpg","contentUrl":"https:\/\/wilfriedgroupe.com\/wp-content\/uploads\/2023\/06\/cropped-67718_8742dbb167b14948a96b04a94fee6821-29_06_2023-11_58_52-AM.jpg","width":619,"height":295,"caption":"Wilfried Groupe"},"image":{"@id":"https:\/\/wilfriedgroupe.com\/#\/schema\/logo\/image\/"}}]}},"_links":{"self":[{"href":"https:\/\/wilfriedgroupe.com\/index.php\/wp-json\/wp\/v2\/pages\/7","targetHints":{"allow":["GET"]}}],"collection":[{"href":"https:\/\/wilfriedgroupe.com\/index.php\/wp-json\/wp\/v2\/pages"}],"about":[{"href":"https:\/\/wilfriedgroupe.com\/index.php\/wp-json\/wp\/v2\/types\/page"}],"author":[{"embeddable":true,"href":"https:\/\/wilfriedgroupe.com\/index.php\/wp-json\/wp\/v2\/users\/1"}],"replies":[{"embeddable":true,"href":"https:\/\/wilfriedgroupe.com\/index.php\/wp-json\/wp\/v2\/comments?post=7"}],"version-history":[{"count":7,"href":"https:\/\/wilfriedgroupe.com\/index.php\/wp-json\/wp\/v2\/pages\/7\/revisions"}],"predecessor-version":[{"id":151,"href":"https:\/\/wilfriedgroupe.com\/index.php\/wp-json\/wp\/v2\/pages\/7\/revisions\/151"}],"wp:attachment":[{"href":"https:\/\/wilfriedgroupe.com\/index.php\/wp-json\/wp\/v2\/media?parent=7"}],"curies":[{"name":"wp","href":"https:\/\/api.w.org\/{rel}","templated":true}]}}